 units digit of d(6)?
5
Suppose 3 = 4*g - 2*g - 5*l, 0 = 5*g + 5*l + 10. What is the tens digit of ((-21)/3)/g*3?
2
Let m(u) = u**2 - 2*u + 1. Let y be m(3). Suppose y*g + 4*d = 64, -3*d + 2*d - 1 = 0. Suppose 5*j = 48 + g. What is the units digit of j?
3
Let c = 24 + -16. Suppose 5*m - c = -3. What is the units digit of ((-3 - m) + 3)*-6?
6
Suppose -3*d - 5*k + 73 = 6, 0 = -4*d - 2*k + 66. Suppose -4*f = -2*z + d, -z + 4 = -3*f - 1. What is the tens digit of z?
1
Suppose 6 = b - 3*z + 5*z, -4*b - 3*z + 14 = 0. Suppose -5*g + 29 = 4*s, -2*g + 13 = b*s - g. What is the units digit of s?
6
Let k = 10 - 15. Let y = -2 - k. What is the tens digit of (2/y)/((-2)/(-30))?
1
Let o = -5 - -7. Let x(w) = -w**2 - w + o*w + 5*w - 3. What is the units digit of x(5)?
2
Let r be -1*((3 - 3) + 0). What is the units digit of (3 - r)*(0 - -1)?
3
Let c be ((-16)/20)/(1/(-5)). What is the units digit of ((-42)/c)/(1/(-2))?
1
Let n = 231 - 8. What is the tens digit of n?
2
Let w = 157 + -107. What is the units digit of w?
0
Suppose 0 = -5*w - 9 + 4. What is the units digit of w*5/((-15)/102)?
4
Suppose -5*t - 44 = -3*j, -8 = -t - 4*j - 3. Let v be (4 - 4) + (t - -1). What is the units digit of 1*v/(-1) + -1?
5
Let c = -40 + 117. What is the tens digit of c?
7
Let s = 2 - -1. Suppose -4*g - 40 = -4*q, 6*g = 4*q + s*g - 35. What is the units digit of q?
5
Suppose -3*u - 150 = 3*u. What is the tens digit of (-868)/(-20) - (-10)/u?
4
Let k(w) = w**3 - 5*w**2 - 4*w + 4. What is the tens digit of k(6)?
1
What is the tens digit of (1*3)/((-24)/(-464))?
5
What is the units digit of -2 + 8/5 - 4048/(-20)?
2
Let d be 4/14 + (-132)/(-28). Suppose 0 = a + d*p - 14, 2*a - 72 = -0*a + p. What is the tens digit of a?
3
Let f(j) = -j**2 + 6*j - 2. Let d be 4 + -2*1 + 2. Let u be 21/d - 1/4. What is the units digit of f(u)?
3
Let d = 10 - 5. What is the units digit of d?
5
Let j(i) = 2*i + 2*i + 6 - 3*i + 0. What is the units digit of j(0)?
6
Let f(r) = 2 - 1 + r - 2*r**2 + r**2 - 4*r. Let d be f(-3). What is the units digit of (-2 + d)*(3 - 8)?
5
Suppose 3*a + b = -2*a + 6, -2 = 3*a + 2*b. Let z be 6 + 6 - (a + 0). What is the units digit of -1*1 + z + -2?
7
Let g = -18 + 22. What is the units digit of g?
4
Suppose -57 = -q + 4*z, -5*z = -q - q + 114. What is the tens digit of q?
5
Let d be ((-1)/(-3))/((-3)/(-27)). Suppose d*t - 22 = 11. What is the tens digit of t?
1
Let x = 420 - 248. What is the hundreds digit of x?
1
Suppose 0*p - 5*p + 15 = 0. Let k = p - -2. What is the units digit of k?
5
What is the units digit of -2 - 57*10/(-15)?
6
Suppose 2*k + 72 = 10*k. What is the units digit of k?
9
Suppose 3*r = r + 42. What is the tens digit of r?
2
What is the tens digit of 33/2*52/39?
2
Let n(c) = 72*c**2 + 1. What is the tens digit of n(-1)?
7
Suppose -2*c = -2 - 4. Suppose -2*p = 5*k - 39, -3*k + c*p - 2*p = -30. What is the units digit of k?
9
Suppose 0 = -x + 4*x - 15. Suppose 0 = 4*b + 3*p - 151, -x*b + p = -2*p - 155. What is the tens digit of b?
3
Let h be 2/(0 + -2) + 5. Let x(w) = -2*w**3 - w**2 + 2*w - 1. Let c be x(1). What is the units digit of (5 - -1) + h/c?
4
Let y(a) = 2*a**3 - 10*a**2 - 34. What is the tens digit of y(8)?
5
Suppose 5*w = 2*d + 157 + 393, -d - 5 = 0. What is the units digit of w?
8
What is the units digit of (-7)/(6 + (-3)/1 - 4)?
7
Let p(l) = -l**3 - 2*l**2 + l - 2. What is the units digit of p(-3)?
4
What is the units digit of 4/(4/(-18)*-3)?
6
What is the units digit of 52/2 - (1 - 4)?
9
What is the units digit of (-7)/(-3)*288/16?
2
Suppose m - 4 = -m. Suppose 4*p - m = 10. What is the units digit of p?
3
Let s(z) = z**2 - 2. Let p be s(-3). Let w = p - -6. What is the units digit of w?
3
Suppose 0 = 2*a - 98 + 20. What is the units digit of a?
9
Let c(v) = 11*v**2 - 2*v - 1. Let f(n) = -n**2 - n + 1. Let h = 1 + -3. Let i be f(h). What is the tens digit of c(i)?
1
Let r = 18 + -8. Let m = 17 - r. What is the units digit of m?
7
Let p = -22 + 43. Let r = p + -18. What is the units digit of r?
3
Let s(a) be the third derivative of -a**4/24 + a**3/6 + 3*a**2. Let d be s(1). Suppose 2*q + r - 1 + d = 0, -2*r - 19 = -3*q. What is the units digit of q?
3
What is the tens digit of (-185)/(-3) - (4 + (-26)/6)?
6
Suppose 0 = v - 3*v + 88. Suppose v + 20 = 4*u. Let a = 37 - u. What is the tens digit of a?
2
Let g(r) = r**3 - 9*r**2 - 11*r. Let o be g(10). Let m(k) = k**3 + 10*k**2 - 4*k - 1. What is the units digit of m(o)?
9
Suppose 4*j = 3*i + 352 - 27, 0 = 5*j - i - 409. What is the units digit of j?
2
Suppose 45 = 5*q - 255. What is the units digit of q?
0
What is the tens digit of 4*(-12)/(-16) + 55?
5
Let a(q) = 3*q - 44. Let f(j) = 5*j - 66. Let v(r) = -8*a(r) + 5*f(r). What is the tens digit of v(-7)?
1
Suppose 4*r - 4 = r + f, 3*r + 5*f = 16. Suppose 0 = 3*c - r - 4. What is the units digit of c?
2
Let i(q) = -q**2 + 9*q - 5. Let l be i(8). Suppose l*o - 5*r = 59, -48 = o - 3*o - r. What is the tens digit of o?
2
Let n(x) be the third derivative of 0*x - 2*x**2 + 0*x**3 + 0 - 1/60*x**5 - 1/4*x**4. What is the units digit of n(-5)?
5
Let t(g) = -7*g**3 + 2*g**2 + 7*g + 3. What is the tens digit of t(-3)?
8
Suppose 3*k + k + 3*r = 0, 4*k + 5*r = -8. Suppose q - 40 = -k*q. What is the units digit of q?
0
Let k be 4/14 + 220/14. Suppose d - k = -3*d. What is the units digit of d?
4
Suppose 2*v + 24 = 6*v. Suppose f = v*f - 35. What is the units digit of f?
7
Suppose 0 = 4*x - 2*w + 4 + 2, 5*w = -x - 7. Let f = 32 + x. Let l = f + -19. What is the tens digit of l?
1
Let z = 10 + 2. What is the tens digit of (-2)/((-14)/z - -1)?
1
Let z(h) = -h**3 - h**2 - h + 1. Let x(r) = -4*r**3 - r**2 - 2*r + 4. Let n(c) = -x(c) + 3*z(c). What is the units digit of n(3)?
5
Suppose 2*w = -2*b - 6 - 2, 5*w - 5*b - 30 = 0. What is the units digit of w?
1
Suppose -3*g + 2 = -4*z, 0*g + 3*g - 3*z - 6 = 0. Suppose 3*q - 36 = g. What is the units digit of q/4 - (-9)/(-6)?
2
Let u = -4 - -11. Let o = 4 - 4. Let f = u + o. What is the units digit of f?
7
Let k(w) = -w + 7. Let z be k(10). Let r = -1 - z. Suppose -4*c + 113 = c + r*l, 0 = -3*c - 3*l + 75. What is the tens digit of c?
2
Let s(v) be the second derivative of 7*v**3/6 - 3*v. Let h be s(3). Let y = 36 - h. What is the units digit of y?
5
Let b(t) = -t**2 - 2*t - 1. Let q be b(-2). Let s = 14 - q. What is the tens digit of s?
1
Suppose 3*u = -4*b + 31, 0 = 5*u - 5*b - 55 + 15. Suppose -2*z - a = -7, 2*z + 2*z = 2*a - 6. Let q = u + z. What is the tens digit of q?
1
Let u(m) = m**2 - 2*m - 3. Suppose p + 3 = -d + 2, 4*d = -3*p - 6. Suppose 0*l - l - p = 3*o, -o = 0. What is the units digit of u(l)?
5
Let t = 6 - 6. Suppose -5*w + 6*w - 6 = t. What is the units digit of w?
6
Let h(o) = -13*o - o**3 - 12*o**2 + 12*o - 8 + 13*o. What is the units digit of h(-13)?
5
Let l(k) = 30*k - 1. Let w be l(-3). Let j be (-14)/w + (-271)/(-13). Suppose o + j = 4*o. What is the units digit of o?
7
Let n = -2 + 4. Suppose n*a - 4*f = 18, 0*f = 4*f. Suppose -a = -5*w - 4. What is the units digit of w?
1
Suppose l + 2*v = 1, l - v - 3*v = 7. Suppose 3*f = z + 70, l*z + 24 - 78 = -2*f. What is the tens digit of f?
2
Suppose 15 = -5*z + 180. What is the units digit of z?
3
Suppose m - 3*n = -n + 33, -4*n = -12. What is the tens digit of m?
3
Let s be 1 + 11*2*1. Suppose 7 - s = -2*p. What is the units digit of p?
8
Let q(a) be the second derivative of a**5/20 + 5*a**2/2 + 2*a. Let h be 0/(1*2*-1). What is the units digit of q(h)?
5
Let g be (2 + -2 + 0)*1. Suppose -2*d = d. Suppose -u - 3*x - 10 + g = d, 2*x + 12 = 2*u. What is the units digit of u?
2
Suppose 0 = a - 4*o - 8, -5*a + 62 = -2*o + 4*o. Suppose 0 = -3*h + 3*p + a - 0, 18 = 5*h - 4*p. What is the units digit of h?
2
Let u = 237 + -116. What is the units digit of u?
1
Let h(d) = -7*d - 2. Let f be h(-6). Suppose -4*b - 5 = 5*i, 2*i = -b - 2 - 3. Suppose -2*l = 0, f = b*w + 5*l - 3*l. What is the units digit of w?
8
Let q = -2 + 7. Suppose -q*t = -3*t + 4. Let x = 6 - t. What is the units digit of x?
8
Suppose -9*q = -6*q - 15. Suppose q*r - 30 - 45 = 0. Suppose g - r = -4. What is the tens digit of g?
1
Let v(r) = r**2 + 10*r + 15. Let h be v(-11). Suppose -2*q + 62 = 3*x, -3*x + 37 = 3*q - h. What is the tens digit of x?
2
Let g(n) = n**2 + 3*n - 14*n + 10*n - 6